{"id":2,"date":"2010-08-23T22:23:39","date_gmt":"2010-08-23T20:23:39","guid":{"rendered":"http:\/\/www.resolutic.com\/kosovo\/?page_id=2"},"modified":"2024-02-09T15:24:09","modified_gmt":"2024-02-09T14:24:09","slug":"a-propos","status":"publish","type":"page","link":"https:\/\/www.resolutic.com\/kosovo\/a-propos\/","title":{"rendered":"Pourquoi cette action ? Pourquoi le Kosovo ?"},"content":{"rendered":"\n<p>Le Kosovo s\u2019est d\u00e9clar\u00e9 ind\u00e9pendant d\u00e9but 2008 mais n\u2019est pas encore internationalement reconnu. Cette zone fait donc toujours partie de la Serbie mais la grande majorit\u00e9 des habitants sont Albanais. Ils ne sont pas de la m\u00eame religion et ne parlent pas la m\u00eame langue, la difficile cohabitation est historique.<\/p>\n\n\n\n<p>Lors d\u2019un passage en 2008, j\u2019ai pu me rendre compte de la situation : des militaires de l\u2019OTAN s\u00e9curisent toute la r\u00e9gion, les tensions et violences sont monnaie courante entre Serbes et Albanais, les habitants ne profitent d\u2019aucune aide gouvernementale et il y a peu d\u2019industries pour les mettre au travail.<\/p>\n\n\n\n<p>Puisque <span style=\"color: #3366ff;\">c\u2019est l\u2019\u00e9ducation de la jeunesse qui formera les dirigeants de demain<\/span>, il faut leur donner tous les outils pour s\u2019ins\u00e9rer socialement et professionnellement dans notre monde hostile. Cela passera par l\u2019apprentissage de l\u2019outil informatique et de l\u2019Anglais, langue de travail configur\u00e9e sur leurs ordinateurs pour les pr\u00e9parer \u00e0 l&rsquo;in\u00e9vitable mondialisation.<\/p>\n\n\n\n<p>Pour r\u00e9sumer, je citerais Henryk Klaba, pr\u00e9sident d&rsquo;OVH : \u00ab\u00a0Dans la vie, le succ\u00e8s est tributaire de deux conditions : \u00eatre passionn\u00e9 et beaucoup travailler. Pour nous, offrir ce mat\u00e9riel a un sens car l&rsquo;avenir [&#8230;] se joue avec ces jeunes. [&#8230;] Les nations qui ne donnent pas les moyens \u00e0 leurs jeunes sont des nations qui sont vou\u00e9es \u00e0 se faire dominer.\u00a0\u00bb<\/p>\n\n\n\n<p>Voil\u00e0 pourquoi j&rsquo;ai d\u00e9cid\u00e9 de retourner au Kosovo avec du mat\u00e9riel informatique pour \u00e9quiper une \u00e9cole primaire de la ville de Suhareka (<a href=\"http:\/\/fr.wikipedia.org\/wiki\/Suva_Reka\" target=\"_blank\" rel=\"noopener\">wiki<\/a>).<\/p>\n\n\n\n<p>Pas besoin de devenir membre d&rsquo;une association ou de faire appel \u00e0 une ONG pour ne prendre part qu&rsquo;\u00e0 une petite \u00e9tape d&rsquo;un projet humanitaire, je veux (me) prouver que tout le monde, m\u00eame en \u0153uvrant seul, peut apporter un peu d&rsquo;aide \u00e0 autrui, et qu&rsquo;avec peu de moyens on peut r\u00e9ussir \u00e0 rendre des gens heureux.<\/p>\n\n\n\n<p>Ce blog a pour objectif de rapidement pr\u00e9senter le Kosovo, r\u00e9sumer les \u00e9tapes de pr\u00e9paration (r\u00e9cup\u00e9rer le mat\u00e9riel, trouver un moyen de transport, r\u00e9gler les paperasses administratives, etc), de donner des nouvelles une fois sur place pour rassurer les proches et de faire un retour d&rsquo;exp\u00e9rience en direct.<\/p>\n\n\n\n<p class=\"has-text-align-right\">Julien Zaug<\/p>\n\n\n\n<h2 class=\"wp-block-heading\"><strong><em><a href=\"http:\/\/www.resolutic.com\/kosovo\/\" target=\"_self\" rel=\"noopener\">Lire toute l&rsquo;aventure de cette action humanitaire<\/a><\/em><\/strong><\/h2>\n\n\n\n<p><span style=\"color: #ff0000;\"><strong><em>&nbsp;<\/em><\/strong><\/span><\/p>\n","protected":false},"excerpt":{"rendered":"<p>Le Kosovo s\u2019est d\u00e9clar\u00e9 ind\u00e9pendant d\u00e9but 2008 mais n\u2019est pas encore internationalement reconnu. Cette zone fait donc toujours partie de la Serbie mais la grande majorit\u00e9 des habitants sont Albanais. Ils ne sont pas de la m\u00eame religion et ne &hellip; <a href=\"https:\/\/www.resolutic.com\/kosovo\/a-propos\/\">Continuer la lecture <span class=\"meta-nav\">&rarr;<\/span><\/a><\/p>\n","protected":false},"author":2,"featured_media":0,"parent":0,"menu_order":2,"comment_status":"open","ping_status":"closed","template":"","meta":{"jetpack_post_was_ever_published":false,"footnotes":""},"class_list":["post-2","page","type-page","status-publish","hentry"],"jetpack_sharing_enabled":true,"amp_enabled":true,"_links":{"self":[{"href":"https:\/\/www.resolutic.com\/kosovo\/wp-json\/wp\/v2\/pages\/2","targetHints":{"allow":["GET"]}}],"collection":[{"href":"https:\/\/www.resolutic.com\/kosovo\/wp-json\/wp\/v2\/pages"}],"about":[{"href":"https:\/\/www.resolutic.com\/kosovo\/wp-json\/wp\/v2\/types\/page"}],"author":[{"embeddable":true,"href":"https:\/\/www.resolutic.com\/kosovo\/wp-json\/wp\/v2\/users\/2"}],"replies":[{"embeddable":true,"href":"https:\/\/www.resolutic.com\/kosovo\/wp-json\/wp\/v2\/comments?post=2"}],"version-history":[{"count":32,"href":"https:\/\/www.resolutic.com\/kosovo\/wp-json\/wp\/v2\/pages\/2\/revisions"}],"predecessor-version":[{"id":543,"href":"https:\/\/www.resolutic.com\/kosovo\/wp-json\/wp\/v2\/pages\/2\/revisions\/543"}],"wp:attachment":[{"href":"https:\/\/www.resolutic.com\/kosovo\/wp-json\/wp\/v2\/media?parent=2"}],"curies":[{"name":"wp","href":"https:\/\/api.w.org\/{rel}","templated":true}]}}